{"id":30,"date":"2019-10-06T13:53:41","date_gmt":"2019-10-06T12:53:41","guid":{"rendered":"https:\/\/elenacostelian.com\/?page_id=30"},"modified":"2023-01-27T12:36:21","modified_gmt":"2023-01-27T11:36:21","slug":"ailleurs-cest-ici","status":"publish","type":"page","link":"https:\/\/elenacostelian.art\/en\/ailleurs-cest-ici\/","title":{"rendered":"Ailleurs c\u2019est ici"},"content":{"rendered":"\n<p>Pour O\u00d9 lieu d\u2019exposition pour l\u2019art actuel, Elena Costelian prend le contrepied du nom donn\u00e9 au lieu d\u2019exposition et propose une performance installation <em>Ailleurs c\u2019est ici.<\/em> Le titre du projet fait r\u00e9f\u00e9rence \u00e0  une r\u00e9flexion de Marguerite Duras \u00e0 propos du flm <em>India Song<\/em>. \u00ab Calcuta c\u2019est ici. C\u2019est souvent pas la peine d\u2019aller la-bas, d\u2019aller chercher l\u2019exotisme et souvent on ne le trouve pas. On ne fait que se transporter dans l\u2019exotisme mais on ne rend pas en compte. C\u2019est comme les voyages,  c\u2019est la plus part du temps des faux voyages. Il n\u2019y a de voyages que  en profondeur. \u00bb<br><br>La performance propose de retranscrire des itin\u00e9raires  au hasard, des rencontres dans Paris. Paris une rencontre improbable entre le surr\u00e9alisme d\u2019Andr\u00e9 Breton, le hasard de Marcel Duchamp et les d\u00e9rives situationnistes de Guy Debord. Que reste-t-il de ce Paris l\u00e0, du Paris des surr\u00e9alistes, de la boh\u00e8me de dada et de <em>La soci\u00e9t\u00e9 du spectacle<\/em> ? Y a t-il encore du manifeste dans Paris ? Paris est une ville de transit, une ville \u00e0 l\u2019image d\u2019une gare. Un lieu de  passage, une ville r\u00e9gie par un principe d\u2019orientations de terminus oscillant entre gare du Nord, gare de l\u2019Est, gare de Lyon, Saint Lazare et Montparnasse autant de lieux o\u00f9 ses textes ont \u00e9t\u00e9 \u00e9crits, autant de rencontres et de pr\u00e9textes \u00e0 l\u2019\u00e9criture de l&#8217;artiste. <\/p>\n","protected":false},"excerpt":{"rendered":"<p>Pour O\u00d9 lieu d\u2019exposition pour l\u2019art actuel, Elena Costelian prend le contrepied du nom donn\u00e9 au lieu d\u2019exposition et propose une performance installation Ailleurs c\u2019est ici. Le titre du projet fait r\u00e9f\u00e9rence \u00e0 une r\u00e9flexion &#8230;<\/p>\n","protected":false},"author":1,"featured_media":0,"parent":0,"menu_order":0,"comment_status":"closed","ping_status":"closed","template":"","meta":[],"aioseo_notices":[],"_links":{"self":[{"href":"https:\/\/elenacostelian.art\/en\/wp-json\/wp\/v2\/pages\/30"}],"collection":[{"href":"https:\/\/elenacostelian.art\/en\/wp-json\/wp\/v2\/pages"}],"about":[{"href":"https:\/\/elenacostelian.art\/en\/wp-json\/wp\/v2\/types\/page"}],"author":[{"embeddable":true,"href":"https:\/\/elenacostelian.art\/en\/wp-json\/wp\/v2\/users\/1"}],"replies":[{"embeddable":true,"href":"https:\/\/elenacostelian.art\/en\/wp-json\/wp\/v2\/comments?post=30"}],"version-history":[{"count":5,"href":"https:\/\/elenacostelian.art\/en\/wp-json\/wp\/v2\/pages\/30\/revisions"}],"predecessor-version":[{"id":683,"href":"https:\/\/elenacostelian.art\/en\/wp-json\/wp\/v2\/pages\/30\/revisions\/683"}],"wp:attachment":[{"href":"https:\/\/elenacostelian.art\/en\/wp-json\/wp\/v2\/media?parent=30"}],"curies":[{"name":"wp","href":"https:\/\/api.w.org\/{rel}","templated":true}]}}

<p>Pour OÙ lieu d’exposition pour l’art actuel, Elena Costelian prend le contrepied du nom donné au lieu d’exposition et propose une performance installation <em>Ailleurs c’est ici.</em> Le titre du projet fait référence à  une réflexion de Marguerite Duras à propos du flm <em>India Song</em>. « Calcuta c’est ici. C’est souvent pas la peine d’aller la-bas, d’aller chercher l’exotisme et souvent on ne le trouve pas. On ne fait que se transporter dans l’exotisme mais on ne rend pas en compte. C’est comme les voyages,  c’est la plus part du temps des faux voyages. Il n’y a de voyages que  en profondeur. »<br><br>La performance propose de retranscrire des itinéraires  au hasard, des rencontres dans Paris. Paris une rencontre improbable entre le surréalisme d’André Breton, le hasard de Marcel Duchamp et les dérives situationnistes de Guy Debord. Que reste-t-il de ce Paris là, du Paris des surréalistes, de la bohème de dada et de <em>La société du spectacle</em> ? Y a t-il encore du manifeste dans Paris ? Paris est une ville de transit, une ville à l’image d’une gare. Un lieu de  passage, une ville régie par un principe d’orientations de terminus oscillant entre gare du Nord, gare de l’Est, gare de Lyon, Saint Lazare et Montparnasse autant de lieux où ses textes ont été écrits, autant de rencontres et de prétextes à l’écriture de l&#8217;artiste. </p>

<p>Pour OÙ lieu d’exposition pour l’art actuel, Elena Costelian prend le contrepied du nom donné au lieu d’exposition et propose une performance installation Ailleurs c’est ici. Le titre du projet fait référence à une réflexion &#8230;</p>
