{"id":521,"date":"2019-10-09T19:59:44","date_gmt":"2019-10-09T18:59:44","guid":{"rendered":"https:\/\/elenacostelian.com\/?page_id=521"},"modified":"2023-01-26T10:43:40","modified_gmt":"2023-01-26T09:43:40","slug":"pomone-2","status":"publish","type":"page","link":"https:\/\/elenacostelian.art\/en\/pomone-2\/","title":{"rendered":"Pomone"},"content":{"rendered":"\n<figure class=\"wp-block-image\"><img loading=\"lazy\" width=\"700\" height=\"700\" src=\"https:\/\/elenacostelian.com\/wp-content\/uploads\/2019\/10\/472BE3C7-4EBC-44CE-A68C-818326483FF5-700x700.jpg\" alt=\"\" class=\"wp-image-455\" srcset=\"https:\/\/elenacostelian.art\/wp-content\/uploads\/2019\/10\/472BE3C7-4EBC-44CE-A68C-818326483FF5-700x700.jpg 700w, https:\/\/elenacostelian.art\/wp-content\/uploads\/2019\/10\/472BE3C7-4EBC-44CE-A68C-818326483FF5-150x150.jpg 150w, https:\/\/elenacostelian.art\/wp-content\/uploads\/2019\/10\/472BE3C7-4EBC-44CE-A68C-818326483FF5-300x300.jpg 300w, https:\/\/elenacostelian.art\/wp-content\/uploads\/2019\/10\/472BE3C7-4EBC-44CE-A68C-818326483FF5-768x768.jpg 768w, https:\/\/elenacostelian.art\/wp-content\/uploads\/2019\/10\/472BE3C7-4EBC-44CE-A68C-818326483FF5-304x304.jpg 304w\" sizes=\"(max-width: 700px) 100vw, 700px\" \/><\/figure>\n\n\n\n<h3>Galerie Thaddaeus Ropac<\/h3>\n\n\n\n<p>A l&#8217;occasion de l&#8217;anniversaire des 350 ans de l&#8217;Op\u00e9ra National de Paris, l&#8217;artiste actioniste-performeuse Elena Costelian nous convie \u00e0 un voyage dans le temps en explorant les articulations possibles entre deux disciplines\u00a0: la performance issue de l\u2019art contemporain et l&#8217;Op\u00e9ra comme art total.<br><br><br>Elena Costelian revisite le mythe de <em>Pomone <\/em>du compositeur Robert Cambert premier Op\u00e9ra \u00e9crit en langue Fran\u00e7aise par Pierre Perrin en 1771.<br><br>Le mythe de <em>Pomone <\/em>divinit\u00e9 des Fruits est \u00e0 l&#8217;origine de cet l&#8217;op\u00e9ra inspire la performeuse pour un d\u00e9sert performatif o\u00f9 le public est convi\u00e9 \u00e0 c\u00e9l\u00e9brer des si\u00e8cles d&#8217;op\u00e9ra fran\u00e7ais.<\/p>\n","protected":false},"excerpt":{"rendered":"<p>Galerie Thaddaeus Ropac A l&#8217;occasion de l&#8217;anniversaire des 350 ans de l&#8217;Op\u00e9ra National de Paris, l&#8217;artiste actioniste-performeuse Elena Costelian nous convie \u00e0 un voyage dans le temps en explorant les articulations possibles entre deux disciplines\u00a0: &#8230;<\/p>\n","protected":false},"author":1,"featured_media":0,"parent":0,"menu_order":0,"comment_status":"closed","ping_status":"closed","template":"","meta":[],"aioseo_notices":[],"_links":{"self":[{"href":"https:\/\/elenacostelian.art\/en\/wp-json\/wp\/v2\/pages\/521"}],"collection":[{"href":"https:\/\/elenacostelian.art\/en\/wp-json\/wp\/v2\/pages"}],"about":[{"href":"https:\/\/elenacostelian.art\/en\/wp-json\/wp\/v2\/types\/page"}],"author":[{"embeddable":true,"href":"https:\/\/elenacostelian.art\/en\/wp-json\/wp\/v2\/users\/1"}],"replies":[{"embeddable":true,"href":"https:\/\/elenacostelian.art\/en\/wp-json\/wp\/v2\/comments?post=521"}],"version-history":[{"count":9,"href":"https:\/\/elenacostelian.art\/en\/wp-json\/wp\/v2\/pages\/521\/revisions"}],"predecessor-version":[{"id":610,"href":"https:\/\/elenacostelian.art\/en\/wp-json\/wp\/v2\/pages\/521\/revisions\/610"}],"wp:attachment":[{"href":"https:\/\/elenacostelian.art\/en\/wp-json\/wp\/v2\/media?parent=521"}],"curies":[{"name":"wp","href":"https:\/\/api.w.org\/{rel}","templated":true}]}}

<figure class="wp-block-image"><img loading="lazy" width="700" height="700" src="https://elenacostelian.com/wp-content/uploads/2019/10/472BE3C7-4EBC-44CE-A68C-818326483FF5-700x700.jpg" alt="" class="wp-image-455" srcset="https://elenacostelian.art/wp-content/uploads/2019/10/472BE3C7-4EBC-44CE-A68C-818326483FF5-700x700.jpg 700w, https://elenacostelian.art/wp-content/uploads/2019/10/472BE3C7-4EBC-44CE-A68C-818326483FF5-150x150.jpg 150w, https://elenacostelian.art/wp-content/uploads/2019/10/472BE3C7-4EBC-44CE-A68C-818326483FF5-300x300.jpg 300w, https://elenacostelian.art/wp-content/uploads/2019/10/472BE3C7-4EBC-44CE-A68C-818326483FF5-768x768.jpg 768w, https://elenacostelian.art/wp-content/uploads/2019/10/472BE3C7-4EBC-44CE-A68C-818326483FF5-304x304.jpg 304w" sizes="(max-width: 700px) 100vw, 700px" /></figure>



<h3>Galerie Thaddaeus Ropac</h3>



<p>A l&#8217;occasion de l&#8217;anniversaire des 350 ans de l&#8217;Opéra National de Paris, l&#8217;artiste actioniste-performeuse Elena Costelian nous convie à un voyage dans le temps en explorant les articulations possibles entre deux disciplines : la performance issue de l’art contemporain et l&#8217;Opéra comme art total.<br><br><br>Elena Costelian revisite le mythe de <em>Pomone </em>du compositeur Robert Cambert premier Opéra écrit en langue Française par Pierre Perrin en 1771.<br><br>Le mythe de <em>Pomone </em>divinité des Fruits est à l&#8217;origine de cet l&#8217;opéra inspire la performeuse pour un désert performatif où le public est convié à célébrer des siècles d&#8217;opéra français.</p>

<p>Galerie Thaddaeus Ropac A l&#8217;occasion de l&#8217;anniversaire des 350 ans de l&#8217;Opéra National de Paris, l&#8217;artiste actioniste-performeuse Elena Costelian nous convie à un voyage dans le temps en explorant les articulations possibles entre deux disciplines : &#8230;</p>
